ue
Is 3624603071 a composite number?
True
Is 4107626483 composite?
True
Is 8526059189 a prime number?
False
Is 133564120211 a composite number?
True
Is 3914237021 a composite number?
True
Is 106685812793 prime?
False
Is 4164072223 a prime number?
True
Is 40139160407 a prime number?
True
Is 2892115481 a composite number?
False
Is 800814691 composite?
False
Is 13025076887 composite?
True
Is 1485903493 a prime number?
False
Is 1490079973 composite?
False
Is 5500411619 a composite number?
False
Is 239781307 a prime number?
True
Is 1786096997 composite?
False
Is 2918759861 a prime number?
True
Is 5638883387 a composite number?
False
Is 843414603 a composite number?
True
Is 3025488019 composite?
False
Is 269059099 a prime number?
True
Is 48643318 a prime number?
False
Is 803692471 a prime number?
True
Is 2534250889 prime?
True
Is 43236370909 composite?
True
Is 12732246301 a composite number?
True
Is 1860520757 a composite number?
False
Is 3121654561 a prime number?
True
Is 397730551 composite?
False
Is 147232117 composite?
False
Is 3278236933 a prime number?
True
Is 2203308323 a prime number?
True
Is 31099473979 a composite number?
True
Is 1344274573 composite?
True
Is 33188685373 a prime number?
False
Is 34781298698 composite?
True
Is 42737556961 prime?
False
Is 435365611 composite?
False
Is 8263590989 a prime number?
False
Is 313685929091 a prime number?
True
Is 636823289 a composite number?
False
Is 33578292983 a composite number?
False
Is 20393507627 prime?
False
Is 183088695343 composite?
False
Is 6896528393 composite?
False
Is 909275783 prime?
False
Is 87306053 a composite number?
True
Is 81757997 a prime number?
True
Is 3617405447 composite?
False
Is 2202626833 a prime number?
False
Is 387590449 a prime number?
True
Is 21194526781 prime?
True
Is 34778360769 prime?
False
Is 644588333 a composite number?
False
Is 573368047 a prime number?
False
Is 73392047893 a composite number?
False
Is 100480682 composite?
True
Is 755586469 a prime number?
False
Is 3961094327 prime?
False
Is 56664391237 a composite number?
False
Is 1916705317 a composite number?
True
Is 1846759517 prime?
True
Is 165050845 a composite number?
True
Is 46161238657 prime?
True
Is 184510965997 prime?
True
Is 735710435257 a composite number?
True
Is 2391594631 a composite number?
True
Is 296539883 a composite number?
False
Is 19934468111 a composite number?
False
Is 1771306771 a composite number?
True
Is 706949059 a prime number?
False
Is 5456533813 composite?
False
Is 167626733 a prime number?
False
Is 515317937 composite?
False
Is 208338709 a composite number?
False
Is 23618819603 prime?
False
Is 4759895849 composite?
True
Is 206576297 a composite number?
False
Is 442859243 a prime number?
False
Is 642867989 prime?
True
Is 546488471 composite?
False
Is 33054037973 prime?
False
Is 48430621 prime?
True
Is 4025886757 prime?
False
Is 70538713429 a prime number?
True
Is 2836633729 a prime number?
False
Is 598823021 a composite number?
False
Is 1424319419 composite?
True
Is 622836649 a composite number?
False
Is 136977437 a composite number?
True
Is 728660587 a composite number?
False
Is 14990916802 a prime number?
False
Is 1090763579 a composite number?
False
Is 1570351331 composite?
False
Is 12090426407 composite?
False
Is 16522279139 a composite number?
True
Is 25594918003 prime?
False
Is 8644151 a prime number?
False
Is 2043533851 a composite number?
True
Is 2167449203 a composite number?
False
Is 566270059 composite?
False
Is 2301020903 prime?
False
Is 3344947563 prime?
False
Is 7838498197 a composite number?
False
Is 11958994129 prime?
True
Is 12038953 a composite number?
True
Is 3136403063 a composite number?
False
Is 18567602743 a composite number?
False
Is 3979660969 a prime number?
False
Is 3623846237 a composite number?
True
Is 32174561 a composite number?
True
Is 972085739 composite?
True
Is 7488475121 a composite number?
False
Is 12691026823 prime?
False
Is 2274530591 prime?
False
Is 17151900803 a prime number?
True
Is 1615862921 prime?
False
Is 1992571373 composite?
True
Is 3296485399 composite?
False
Is 240987983 a prime number?
True
Is 18797315101 prime?
False
Is 17076903119 a composite number?
True
Is 867774581 a composite number?
True
Is 79304935903 a composite number?
False
Is 5289461929 composite?
False
Is 919808429 a composite number?
True
Is 1581789857 prime?
True
Is 1795067273 composite?
True
Is 448321537 composite?
False
Is 46684719091 a prime number?
False
Is 9040659827 a prime number?
False
Is 653106791 composite?
True
Is 5739791647 a composite number?
True
Is 80637755167 a prime number?
False
Is 310272077 a composite number?
False
Is 79295716531 a prime number?
False
Is 477642281 composite?
False
Is 129589627 a composite number?
False
Is 3111376777 prime?
False
Is 1428700123 a composite number?
False
Is 6423337 a prime number?
True
Is 2532757481 a composite number?
True
Is 26656499 prime?
True
Is 162371619109 a prime number?
False
Is 50298793 a prime number?
True
Is 13717468117 prime?
True
Is 125830153 a composite number?
True
Is 49144922191 prime?
False
Is 443058449 a prime number?
True
Is 40118547981 composite?
True
Is 1237406567 composite?
False
Is 501511321 prime?
True
Is 1678362542 composite?
True
Is 838132943 prime?
True
Is 14000077237 a composite number?
False
Is 358428809 prime?
True
Is 7290943501 composite?
True
Is 17833608847 composite?
False
Is 1509578687 composite?
True
Is 12690644033 a composite number?
False
Is 20332325303 composite?
True
Is 3592078667 composite?
False
Is 7490528119 composite?
False
Is 1058429909 prime?
True
Is 162496531753 a prime number?
False
Is 1160262799 composite?
True
Is 1475270081 a prime number?
False
Is 174608301739 composite?
True
Is 733997839 composite?
False
Is 601891793 a prime number?
True
Is 584064077849 prime?
False
Is 9881038807 a prime number?
False
Is 15150338155 composite?
True
Is 5989586527 a prime number?
False
Is 24628109213 a prime number?
False
Is 6693870367 prime?
True
Is 1578189443 a prime number?
True
Is 587111341 a composite number?
False
Is 241453753419 composite?
True
Is 2497687811 a composite number?
True
Is 50799130663 a composite number?
False
Is 2646796741 a composite number?
False
Is 3851381099 a prime number?
True
Is 2696779565 composite?
True
Is 750795083 a composite number?
True
Is 42075926843 prime?
True
Is 352159667 composite?
True
Is 7646090911 composite?
False
Is 387332357 a composite number?
True
Is 759498491 a prime number?
True
Is 15312102571 prime?
False
Is 516899261 prime?
False
Is 2676590773 a composite number?
False
Is 2413669553 prime?
False
Is 57636139699 composite?
False
Is 3901911397 a prime number?
True
Is 1101559159 prime?
True
Is 192197447759 a composite number?
False
Is 42777231707 a prime number?
False
Is 59022500443 composite?
True
Is 2640166241 a composite number?
False
Is 2312354047 prime?
True
Is 5239242499 prime?
False
Is 7247419423 prime?
True
Is 466952383 a prime number?
False
Is 9114669283 prime?
True
Is 5910989339 a prime number?
True
Is 15324788497 prime?
True
Is 9146146579 composite?
False
Is 37425498889 composite?
False
Is 7188608939 a composite number?
True
Is 465301987 prime?
True
Is 2591455255 a composite number?
True
Is 679953341 prime?
False
Is 39459740351 prime?
False
Is 9165729719 a composite number?
True
Is 674847347 a composite number?
True
Is 394551439 a composite number?
True
Is 929454563989 a composite number?
True
Is 529542191 prime?
False
Is 37953731 prime?
True
Is 21255852833 a composite number?
True
Is 20586607787 a prime number?
False
Is 4552211033 composite?
True
Is 6117022897 a composite number?
False
Is 2580856337 prime?
True
Is 55218566447 composite?
True
Is 19459595893 composite?
False
Is 1302957041 a composite number?
False
Is 857157341 composite?
True
Is 2276426199 a prime number?
False
Is 922997678 prime?
False
Is 2518749281 composite?
False
Is 49651949359 prime?
False
Is 656972711 a prime number?
True
Is 3356031703 composite?
True
Is 164953937 prime?
False
Is 51597762361 a composite number?
False
Is 344175487 prime?
True
Is 388880266033 composite?
True
Is 1212099389 a composite number?
False
Is 222978223 composite?
True
Is 481744789 a composite number?
False
Is 391735133 a composite number?
False
Is 601086851 a composite number